*p + 68 - 3*p**2. What is the units digit of l(0)?
6
Let i(p) = -1757*p**3 - 4*p**2 + 28*p + 30. What is the tens digit of i(-1)?
5
Let v be 1 + -3 + -10*21/14. Let u = 394 + v. What is the tens digit of u?
7
Let l be ((-8)/(-12))/((-1)/15). What is the tens digit of l/2 - (38 + -625)?
8
Let t(l) = 32*l**3 - l**2 + l. Let s be t(1). Suppose 303 = 33*b - s*b. What is the units digit of b?
3
Let t be (-24 - -22)/(-1*2/18). What is the hundreds digit of -83*(t + -3)*6/(-18)?
4
Let b = -1524 + 12447. What is the units digit of b?
3
Let r = 59347 + 18909. What is the ten thousands digit of r?
7
Let x be (-160)/76 + (-4)/(-38). Let j(t) = 129*t**2 + 3*t. What is the tens digit of j(x)?
1
Let y(r) = 7*r**2 + 20*r + 81. Suppose -4*n - 1 = 3*v + 29, v - 2*n = 0. What is the hundreds digit of y(v)?
2
Suppose w + 12 + 29 = 0. Let o = -43 - w. What is the tens digit of 81 - ((o - -3) + 3)?
7
Let t(g) = -153*g**3 + 9*g**2 + 21*g - 5. What is the thousands digit of t(-2)?
1
Let w(v) = -3*v - 8 - 6 - 4. Let b be w(-7). Suppose b = -4*a - 1, 4*a + 196 = 4*o. What is the tens digit of o?
4
Let v(m) = 112*m - 698. What is the units digit of v(10)?
2
Suppose -13*h + 15*h + n = 692, -5*h - n + 1739 = 0. What is the hundreds digit of h?
3
Let t(w) = 1993*w - 579. What is the units digit of t(18)?
5
Let g(n) = 3*n**2 - 18*n - 84. Let c be g(-4). Suppose 0*y - 88 = 2*t + 4*y, -5*t - 215 = 5*y. Let p = c - t. What is the units digit of p?
8
Let l(k) = 3066*k - 2318. What is the units digit of l(14)?
6
Let l(m) = 24*m**3 + 7*m - 163 - 6*m**2 - 11*m**3 + m + 161. Let t be l(4). Suppose 0 = -4*k + t + 38. What is the tens digit of k?
0
Suppose 2*a - 10 = 3*a + 4*g, 5*a - 42 = 3*g. Suppose 4*w = 2*y - 96, -a*y + 2*y + 213 = -w. What is the tens digit of y?
5
Let o be (-4)/(0 - -8)*-4. Let h be o + (4 - (-30)/(-3)). Let n(m) = -34*m - 16. What is the tens digit of n(h)?
2
Suppose 4*r = 5*r - m - 4484, 5*m = -r + 4472. What is the units digit of r?
2
Suppose 4*r - 1243 = -2*u - 4801, u = 2*r - 1767. Let a = u - -2707. What is the units digit of a?
4
Let p be 6*((-6)/12)/(-1). Suppose -p*y - 4 - 11 = 0, -5*o = -5*y - 675. What is the hundreds digit of o?
1
Let i(h) = 3*h**3 - 46*h**2 + 52*h - 64. What is the units digit of i(21)?
5
Let n(l) = -l**2 + 52. Let u be n(-7). Suppose 0 = -u*h - 6, 4*h = 3*z + 353 - 2005. What is the units digit of z?
8
Suppose 50 = -0*l + 10*l. Let r(g) = 10*g**3 - 8*g**2 + 10*g - 1. What is the units digit of r(l)?
9
Let s be -7 - -9 - ((-4)/(-2) - 91). Suppose a - s = -6*a. Let b = a - -156. What is the tens digit of b?
6
Suppose 13*w - 219125 = 221914 - 53379. What is the units digit of w?
0
Let h(q) be the first derivative of 5*q**3/3 - 5*q**2/2 + 5*q - 2. Let i be h(6). Suppose s + i = 6*s. What is the tens digit of s?
3
Suppose -8 = -6*h - 2*h. Let p(u) = -u**3 - u**2 - u + 1. Let l(j) = -5*j**3 - 13*j**2 - 9*j - 4. Let b(m) = h*l(m) - 4*p(m). What is the units digit of b(-9)?
7
Let i(d) = 1770*d - 1239. What is the tens digit of i(5)?
1
Let l = -726 - -11229. What is the tens digit of l?
0
Suppose -o + 12*x = 8*x - 40173, -2*o = -5*x - 80370. What is the tens digit of o?
0
Let s = -68 - -68. Let w(g) = 7 + s*g**2 - 26 - 21 + g**2. What is the units digit of w(17)?
9
Let d = 194 - 190. Suppose d*n = 3*n + o + 733, 4*o = n - 739. What is the tens digit of n?
3
Let o be (-64)/4 - (0 - 4). Let x be -1*(6/o)/((-1)/292). Let l = 103 - x. What is the tens digit of l?
4
Let o be (-3419)/(-3) + 1/3. Let f(j) = -662*j - 818. Let h be f(-4). Suppose o = 10*s - h. What is the tens digit of s?
9
Let y(k) = 2*k**2 - 5*k + 4. Suppose o + 3*a + 2 = 6, 0 = -5*o + 3*a + 2. Let l be 0/(-2) + o + -6. What is the units digit of y(l)?
9
Let k(s) be the second derivative of 7*s**3/6 - s**2 - 20*s. Let o be k(8). What is the tens digit of -3*12/9 + o?
5
Let a(b) = b**3 + 14*b**2 + 6*b + 3. Let c be a(-7). Let t = c + -211. What is the units digit of t?
3
Let p(t) be the second derivative of -7*t**5/5 - t**4/3 - t**3/6 + t**2/2 - t + 2. What is the tens digit of p(-2)?
1
Let k(y) = 979*y + 9233. What is the hundreds digit of k(46)?
2
Let g be (-5)/(-30) + 3/((-36)/(-22)). Suppose -4*p + 4*y = g*y - 912, 1139 = 5*p - 2*y. What is the tens digit of p?
2
What is the units digit of (144/360 - (-524)/(-10))*2092/(-8)?
8
Let p = 84746 + -60278. What is the hundreds digit of p?
4
Let r(o) = 4*o + 1. Suppose -2*k - 11 = 7. Let c be (-3)/k - 8/(-3). What is the units digit of r(c)?
3
Let s(b) = -42*b - 65. Let t be s(-5). What is the hundreds digit of (-40)/(-3)*(t/10 + 11)?
3
What is the hundreds digit of 38728 + (-504)/(-18) - 7/1?
7
Let h = 265 + -233. Suppose 24690 = h*u + 1426. What is the tens digit of u?
2
Let a(o) = 2*o + 89. Let s(c) = 10*c**2 + 5*c + 2. Let h be s(-1). What is the units digit of a(h)?
3
Let n(l) = -10*l**3 - l**2 - 3*l + 1. Let g = -96 - -94. Let b be n(g). Suppose 7*w - b = 1. What is the units digit of w?
2
Let h(m) = -m**2 + m + 16. Let i(b) = -b**2 + 16. Let g(v) = 3*h(v) - 4*i(v). Let k be g(-7). Suppose -3*t = 6 - k. What is the units digit of t?
2
Let s(n) = 2*n**2 - 14*n - 150. Let p be s(-20). Suppose -14*v + 14960 = -p. What is the hundreds digit of v?
1
What is the tens digit of ((-26172)/(-48))/((-1)/(-12))?
4
What is the units digit of (-15)/(105/266)*-6?
8
Let r be (1 - 0) + -1 + -1 + 5. Suppose -7 = r*y + b, 5*y + b + 5 = -3. What is the tens digit of y*(-4)/(-10) - (-3047)/55?
5
Let c be 356/6*(12/(-8))/(-1). Let k = -95 + c. Let i(q) = -27*q - 20. What is the hundreds digit of i(k)?
1
Let y(d) = -8*d - 59. Let n be y(-8). Suppose -2*t = -t + 2*x - 15, 10 = -n*x. Suppose g - t = 32. What is the tens digit of g?
5
Let h = 14722 - -12026. What is the tens digit of h?
4
Suppose -7*o + 9*o = i - 1950, 10 = -2*o. Let u = -879 + i. What is the tens digit of u?
6
Let p(o) be the first derivative of o**4/4 + 26*o**3/3 + 6*o**2 - 21*o - 20. What is the hundreds digit of p(-25)?
3
Suppose 2*y + 36 = 20*y. Suppose -2*a = 5*w - 721, y*w + 56 = 3*a - 1035. What is the hundreds digit of a?
3
Suppose 0 = -20*s - 3*s - 22103. Let k = 1565 + s. What is the units digit of k?
4
Let d = -26 + 23. Let t(u) = 2*u**2 - 7*u - 2. Let l be t(d). Suppose l = b - 0*b - c, 3*b + 3*c - 111 = 0. What is the tens digit of b?
3
Suppose 3*r + 5*r - 600 = 0. Let o = -79 + r. Let c = 54 + o. What is the tens digit of c?
5
Suppose 12 + 24 = 12*t. Suppose t*n + 234 = 2*k - 177, 3*n - 393 = -2*k. Let w = k + -33. What is the units digit of w?
8
Let q = -2090 + 3324. What is the thousands digit of q?
1
Suppose -5*l = -2*u + 16242 - 83011, u + 2 = 0. What is the units digit of l?
3
Let r(t) = -t**3 + 6*t**2 - 7*t + 1. Suppose 19*w = 21*w + 16. Let m be w/3*6/(-4). What is the units digit of r(m)?
5
Let w = -9 + 13. Suppose -4*f + 0*x + 1654 = -2*x, -w*f = 2*x - 1666. What is the hundreds digit of f?
4
Let d be 10 - (-1533)/(-70) - (-1)/(-10). What is the units digit of 21413/42 + -2 + (-26)/d?
0
What is the ten thousands digit of ((-3330615)/(-18))/5 - (-205)/(-246)?
3
Let s = -11 + 12. Suppose p - 4 - s = -5*k, k = -3*p - 13. What is the tens digit of k/(-3)*(-69)/2?
2
Suppose 0 = -136*z + 146*z - 22180. Suppose 5*g + 431 = u, -3*u - 2*g + z = 874. What is the units digit of u?
6
Let j(c) = 27*c - 3. Let z be j(-4). Let n = z - -50. Let d = -48 - n. What is the units digit of d?
3
Let u be 16/12*6/(-4). Let s be (-5)/u + 0 + 9/6. Suppose s*t = 7*t - 447. What is the hundreds digit of t?
1
Let z(l) = 33*l - 573 + 30*l**2 - 566 - l**3 + 1139. What is the units digit of z(31)?
2
Suppose 0 = -3*l - 2*f - 6, -3*f - f = -2*l + 12. Suppose 5*z - n + 4*n - 4375 = 0, l = -n + 5. Suppose 8*t - z = 248. What is the tens digit of t?
4
Suppose 3*s - 6*a = -2*a + 28, 3*a = s - 16. Suppose -3*u - 2*d = -428, u + 572 = 5*u + s*d. What is the units digit of u?
2
Let a be 2/(3 + -2)*63/(-18). What is the units digit of (0 + a/(-2))*(-2 + 24)?
7
Let b be (4 + (-68)/6)/((-6)/9). Suppose -b*o = -2030 - 280. What is the units digit of o?
0
Let p(i) = -i**3 + 4*i**2 - 4*i + 3. Let u be p(2). Suppose u*x = -5*o + 4, -5*x - 2*o - o = -28. Suppose x*r - 6*r = 114. What is the tens digit of r?
5
Let m = -304 + 69726. What is the units digit of m?
2
Suppose 563882 + 558919 = 131*s. What is th